4
What is the hundred millions digit of 2591094013?
5
What is the units digit of 307093499?
9
What is the hundred thousands digit of 1351366275?
3
What is the ten millions digit of 219702580?
1
What is the hundred millions digit of 410029314?
4
What is the ten millions digit of 984970477?
8
What is the millions digit of 63214404?
3
What is the hundreds digit of 37406627?
6
What is the tens digit of 657026425?
2
What is the ten millions digit of 244340250?
4
What is the hundreds digit of 226975933?
9
What is the ten millions digit of 74332612?
7
What is the ten thousands digit of 198339688?
3
What is the hundred millions digit of 2342690458?
3
What is the hundred thousands digit of 485261806?
2
What is the tens digit of 62104163?
6
What is the billions digit of 4312388938?
4
What is the billions digit of 2013633713?
2
What is the hundred thousands digit of 95452516?
4
What is the units digit of 447681041?
1
What is the units digit of 37811251?
1
What is the ten thousands digit of 30453762?
5
What is the hundreds digit of 7795608851?
8
What is the millions digit of 69755244?
9
What is the tens digit of 2961177083?
8
What is the hundreds digit of 11024357?
3
What is the ten thousands digit of 509232810?
3
What is the ten thousands digit of 179953540?
5
What is the ten thousands digit of 674547330?
4
What is the units digit of 16632497?
7
What is the millions digit of 1542751516?
2
What is the hundreds digit of 39280937?
9
What is the hundreds digit of 1717539119?
1
What is the ten millions digit of 23623887?
2
What is the thousands digit of 5907150711?
0
What is the millions digit of 7131146?
7
What is the units digit of 2022164?
4
What is the hundred millions digit of 564020872?
5
What is the thousands digit of 92281653?
1
What is the hundreds digit of 92443580?
5
What is the units digit of 101547088?
8
What is the tens digit of 105416726?
2
What is the units digit of 486866930?
0
What is the thousands digit of 15498773?
8
What is the hundreds digit of 1478539352?
3
What is the hundred thousands digit of 281689351?
6
What is the tens digit of 71931874?
7
What is the hundred thousands digit of 4369062096?
0
What is the thousands digit of 3188699662?
9
What is the millions digit of 55090586?
5
What is the tens digit of 263010329?
2
What is the hundred millions digit of 2789743302?
7
What is the units digit of 1332574313?
3
What is the ten thousands digit of 2887532?
8
What is the hundreds digit of 215910399?
3
What is the ten thousands digit of 505878908?
7
What is the hundred thousands digit of 204987092?
9
What is the tens digit of 41919669?
6
What is the billions digit of 1325611139?
1
What is the hundreds digit of 191874942?
9
What is the millions digit of 499332141?
9
What is the millions digit of 2158063716?
8
What is the hundred millions digit of 1760306647?
7
What is the hundred thousands digit of 22405376?
4
What is the hundred millions digit of 929622807?
9
What is the millions digit of 3501077608?
1
What is the hundred millions digit of 316198846?
3
What is the tens digit of 393327597?
9
What is the hundred millions digit of 352648244?
3
What is the ten thousands digit of 28465256?
6
What is the tens digit of 75016790?
9
What is the ten thousands digit of 120567535?
6
What is the millions digit of 397586518?
7
What is the millions digit of 151190477?
1
What is the units digit of 58148970?
0
What is the ten millions digit of 18547952?
1
What is the hundred millions digit of 530976704?
5
What is the millions digit of 126643161?
6
What is the hundred millions digit of 688261627?
6
What is the units digit of 74983570?
0
What is the tens digit of 149607675?
7
What is the tens digit of 128368766?
6
What is the hundreds digit of 61467358?
3
What is the hundred millions digit of 3652713282?
6
What is the billions digit of 1951572673?
1
What is the hundreds digit of 65628194?
1
What is the billions digit of 6079930106?
6
What is the units digit of 782980828?
8
What is the hundreds digit of 106589597?
5
What is the hundred thousands digit of 1755420003?
4
What is the tens digit of 18030782?
8
What is the hundreds digit of 1945502964?
9
What is the hundreds digit of 321318764?
7
What is the ten thousands digit of 25521714?
2
What is the ten millions digit of 778196447?
7
What is the ten millions digit of 3415896449?
1
What is the hundreds digit of 640670779?
7
What is the millions digit of 28834949?
8
What is the ten thousands digit of 954188292?
8
What is the hundred millions digit of 164309770?
1
What is the millions digit of 2579625968?
9
What is the hundreds digit of 16120300?
3
What is the hundred millions digit of 1599048492?
5
What is the units digit of 441157540?
0
What is the units digit of 7727792164?
4
What is the millions digit of 8450543303?
0
What is the millions digit of 87988279?
7
What is the billions digit of 1572231029?
1
What is the ten millions digit of 41674772?
4
What is the ten thousands digit of 1148500952?
0
What is the thousands digit of 325384351?
4
What is the billions digit of 4499655944?
4
What is the units digit of 83816943?
3
What is the ten thousands digit of 171232289?
3
What is the hundreds digit of 662834822?
8
What is the thousands digit of 323640707?
0
What is the thousands digit of 1882553697?
3
What is the billions digit of 1787897682?
1
What is the thousands digit of 2772969021?
9
What is the ten thousands digit of 1760113161?
1
What is the units digit of 51919155?
5
What is the ten thousands digit of 250772356?
7
What is the hundred thousands digit of 19500758?
5
What is the billions digit of 1504450214?
1
What is the hundred thousands digit of 43495185?
4
What is the hundreds digit of 294227164?
1
What is the ten millions digit of 13891106?
1
What is the ten thousands digit of 10955983?
5
What is the ten millions digit of 224207292?
2
What is the hundred thousands digit of 421138205?
1
What is the ten millions digit of 4498511943?
9
What is the ten millions digit of 222629113?
2
What is the units digit of 45298783?
3
What is the ten thousands digit of 603441688?
4
What is the thousands digit of 1043528728?
8
What is the ten thousands digit of 291749344?
4
What is the thousands digit of 29473826?
3
What is the millions digit of 705326520?
5
What is the units digit of 3071522?
2
What is the millions digit of 337396145?
7
What is the ten millions digit of 183493520?
8
What is the units digit of 283970750?
0
What is the tens digit of 378831018?
1
What is the tens digit of 521596433?
3
What is the units digit of 3143813797?
7
What is the units digit of 1475126?
6
What is the units digit of 69346423?
3
What is the millions digit of 55502642?
5
What is the hundred thousands digit of 1429630603?
6
What is the ten thousands digit of 971373978?
7
What is the hundreds digit of 94126117?
1
What is the ten millions digit of 460184855?
6
What is the millions digit of 589838943?
9
What is the thousands digit of 1617810?
7
What is the tens digit of 10872795?
9
What is the millions digit of 346872201?
6
What is the millions digit of 50690886?
0
What is the ten thousands digit of 436320293?
2
What is the hundreds digit of 17719138?
1
What is the ten thousands digit of 6485824893?
2
What is the hundred millions digit of 1070493095?
0
What is the hundreds digit of 133976690?
6
What is the ten thousands digit of 106257298?
5
What is the hundred millions digit of 3812805684?
8
What is the hundreds digit of 363718768?
7
What is the ten millions digit of 3277409500?
7
What is the thousands digit of 46485967?
5
What is the ten millions digit of 135162958?
3
What is the tens digit of 90172491?
9
What is the hundreds digit of 113618131?
1
What is the hundreds digit of 247285126?
1
What is the tens digit of 25039662?
6
What is the units digit of 8244810850?
0
What is the units digit of 2490895042?
2
What is the units digit of 37034441?
1
What is the ten thousands digit of 24959320?
5
What is the millions digit of 87065437?
7
What is the millions digit of 3738868813?
8
What is the tens digit of 85158333?
3
What is the tens digit of 9698322?
2
What is the tens digit of 85467040?
4
What is the ten thousands digit of 100537532?
3
What is the units digit of 683696696?
6
What is the billions digit of 4760118028?
4
What is the ten th